n millions digit of 470026459?
7
What is the tens digit of 144138677?
7
What is the tens digit of 3961347399?
9
What is the units digit of 421860501?
1
What is the ten thousands digit of 79849787?
4
What is the ten millions digit of 97875526?
9
What is the ten millions digit of 99014633?
9
What is the units digit of 22481891?
1
What is the thousands digit of 856549956?
9
What is the hundred millions digit of 625210641?
6
What is the billions digit of 5852493692?
5
What is the hundreds digit of 80197406?
4
What is the ten millions digit of 24695804?
2
What is the units digit of 3000547329?
9
What is the units digit of 612120287?
7
What is the thousands digit of 383189188?
9
What is the ten thousands digit of 3858566246?
6
What is the thousands digit of 3407554474?
4
What is the tens digit of 4266031890?
9
What is the ten thousands digit of 198996521?
9
What is the hundred thousands digit of 13802097?
8
What is the hundred thousands digit of 418085416?
0
What is the thousands digit of 13173344?
3
What is the thousands digit of 3603880406?
0
What is the millions digit of 335780288?
5
What is the ten thousands digit of 2680296534?
9
What is the thousands digit of 555039518?
9
What is the tens digit of 594759813?
1
What is the units digit of 1257691776?
6
What is the ten millions digit of 152088275?
5
What is the hundred millions digit of 432837946?
4
What is the hundreds digit of 16729960?
9
What is the ten millions digit of 204502624?
0
What is the thousands digit of 878188359?
8
What is the units digit of 692694231?
1
What is the hundred thousands digit of 480379029?
3
What is the hundred millions digit of 305088826?
3
What is the millions digit of 482669788?
2
What is the ten thousands digit of 37970372?
7
What is the tens digit of 878200586?
8
What is the hundreds digit of 62877869?
8
What is the tens digit of 1091789249?
4
What is the hundreds digit of 29593638?
6
What is the hundreds digit of 111333973?
9
What is the thousands digit of 223957012?
7
What is the tens digit of 664067814?
1
What is the tens digit of 607859068?
6
What is the hundred thousands digit of 34753139?
7
What is the hundred thousands digit of 107605977?
6
What is the hundred thousands digit of 39251777?
2
What is the hundred millions digit of 162194424?
1
What is the millions digit of 32113095?
2
What is the hundreds digit of 1327772566?
5
What is the units digit of 59960285?
5
What is the ten thousands digit of 1282476063?
7
What is the ten thousands digit of 98164119?
6
What is the hundreds digit of 128148263?
2
What is the thousands digit of 67717275?
7
What is the tens digit of 1263661140?
4
What is the ten millions digit of 4422214477?
2
What is the ten millions digit of 1318004365?
1
What is the hundred thousands digit of 715819842?
8
What is the units digit of 632751991?
1
What is the tens digit of 1445074951?
5
What is the tens digit of 244077886?
8
What is the units digit of 22516950?
0
What is the hundreds digit of 30230182?
1
What is the tens digit of 50140577?
7
What is the millions digit of 103568688?
3
What is the thousands digit of 238864473?
4
What is the units digit of 9078898?
8
What is the hundred millions digit of 3920887178?
9
What is the units digit of 225480785?
5
What is the hundred millions digit of 2785259354?
7
What is the thousands digit of 112458695?
8
What is the tens digit of 1163467340?
4
What is the hundreds digit of 699245?
2
What is the millions digit of 47724948?
7
What is the tens digit of 1342345157?
5
What is the thousands digit of 2953442?
3
What is the units digit of 480849923?
3
What is the ten thousands digit of 1902496006?
9
What is the ten thousands digit of 47348425?
4
What is the billions digit of 5211852411?
5
What is the hundred millions digit of 254109072?
2
What is the tens digit of 737277613?
1
What is the ten thousands digit of 26175058?
7
What is the ten thousands digit of 1681318724?
1
What is the millions digit of 2091893710?
1
What is the millions digit of 171080592?
1
What is the millions digit of 115002923?
5
What is the hundred millions digit of 274693421?
2
What is the tens digit of 86341115?
1
What is the hundreds digit of 972485644?
6
What is the hundreds digit of 30247084?
0
What is the units digit of 627269471?
1
What is the hundreds digit of 43131259?
2
What is the hundreds digit of 54102425?
4
What is the hundred thousands digit of 220300531?
3
What is the hundred millions digit of 4539740501?
5
What is the hundreds digit of 952176139?
1
What is the thousands digit of 3134432?
4
What is the ten thousands digit of 31597884?
9
What is the hundreds digit of 422268348?
3
What is the millions digit of 3738925300?
8
What is the hundred thousands digit of 3705998186?
9
What is the ten millions digit of 251724162?
5
What is the thousands digit of 21709899?
9
What is the tens digit of 50807689?
8
What is the ten thousands digit of 4009255477?
5
What is the tens digit of 686656853?
5
What is the ten millions digit of 56803230?
5
What is the ten thousands digit of 218263899?
6
What is the millions digit of 1658073640?
8
What is the hundred thousands digit of 92900767?
9
What is the hundred thousands digit of 950426?
9
What is the millions digit of 67343006?
7
What is the millions digit of 529650648?
9
What is the hundred thousands digit of 387725589?
7
What is the hundred thousands digit of 52661494?
6
What is the hundred thousands digit of 1385730169?
7
What is the hundred millions digit of 131123971?
1
What is the ten millions digit of 207674627?
0
What is the hundred millions digit of 447073821?
4
What is the millions digit of 80941492?
0
What is the hundreds digit of 174598770?
7
What is the tens digit of 824645976?
7
What is the hundred thousands digit of 140815275?
8
What is the ten thousands digit of 1253126679?
2
What is the thousands digit of 984684?
4
What is the millions digit of 763842118?
3
What is the hundred millions digit of 523413122?
5
What is the ten millions digit of 516122671?
1
What is the units digit of 72398803?
3
What is the ten thousands digit of 528318898?
1
What is the ten millions digit of 61190128?
6
What is the units digit of 15007432?
2
What is the thousands digit of 34810571?
0
What is the hundreds digit of 13636852?
8
What is the units digit of 5661808034?
4
What is the ten millions digit of 191645280?
9
What is the millions digit of 169638942?
9
What is the millions digit of 2193843118?
3
What is the ten thousands digit of 657499159?
9
What is the tens digit of 851731360?
6
What is the thousands digit of 113263565?
3
What is the hundreds digit of 54123332?
3
What is the millions digit of 52061275?
2
What is the hundreds digit of 893463591?
5
What is the thousands digit of 657498266?
8
What is the hundreds digit of 177506444?
4
What is the hundred thousands digit of 199151919?
1
What is the thousands digit of 4581144710?
4
What is the millions digit of 6094797064?
4
What is the ten millions digit of 360752037?
6
What is the ten millions digit of 1121436433?
2
What is the hundred thousands digit of 6481796?
4
What is the units digit of 65021980?
0
What is the hundreds digit of 132138366?
3
What is the ten millions digit of 884312467?
8
What is the millions digit of 23953807?
3
What is the thousands digit of 2244834044?
4
What is the billions digit of 6652539715?
6
What is the hundreds digit of 10532265?
2
What is the hundreds digit of 8201687019?
0
What is the thousands digit of 12690849?
0
What is the hundreds digit of 309311533?
5
What is the millions digit of 110841165?
0
What is the tens digit of 5994211080?
8
What is the tens digit of 2851213002?
0
What is the ten thousands digit of 11765068?
6
What is the millions digit of 35674087?
5
What is the millions digit of 95740256?
5
What is the hundred thousands digit of 45310437?
3
What is the hundred millions digit of 327208111?
3
What is the ten thousands digit of 24537124?
3
What is the hundreds digit of 33897933?
9
What is the thousands digit of 114658092?
8
What is the thousands digit of 1923292592?
2
What is the hundreds digit of 5375196?
1
What is the hundred millions digit of 1054563722?
0
What is the ten millions digit of 35364797?
3
What is the hundred thousands digit of 15023346?
0
What is the hundred millions digit o